{"id":964,"date":"2023-03-12T16:57:05","date_gmt":"2023-03-12T16:57:05","guid":{"rendered":"http:\/\/www.golgelikcadir.com\/?post_type=product&#038;p=964"},"modified":"2026-02-25T19:53:19","modified_gmt":"2026-02-25T19:53:19","slug":"clk-10-metre-aluminyum-organizasyon-fuar-davet-protokol-cadiri-kiralama","status":"publish","type":"product","link":"http:\/\/www.golgelikcadir.com\/?product=clk-10-metre-aluminyum-organizasyon-fuar-davet-protokol-cadiri-kiralama","title":{"rendered":"CLK 10 Metre Al\u00fcminyum Organizasyon Fuar Davet Protokol \u00c7ad\u0131r\u0131 Kiralama"},"content":{"rendered":"<h2 style=\"text-align: center;\">CLK 10 Metre Al\u00fcminyum Organizasyon Fuar Davet Protokol \u00c7ad\u0131r\u0131 Kiralama<\/h2>\n<h3 style=\"text-align: center;\">T\u00fcrkiye Geneli \u00c7ad\u0131r Kiralama Hizmeti Veren Tek Lider Firmay\u0131z.<\/h3>\n<p>Hemen size uygun \u00e7ad\u0131r kiralama se\u00e7enekleri hakk\u0131nda detayl\u0131 bilgi almak i\u00e7in ve fiyat teklifi almak i\u00e7in <strong>0 537 494 85 65 <\/strong>numaral\u0131 telefon ile bize ula\u015f\u0131n.<\/p>\n<p><strong>CLK \u00c7ad\u0131r Kiralama Se\u00e7enekleri:<\/strong><\/p>\n<p>D\u00fc\u011f\u00fcn \u00c7ad\u0131r\u0131 Kiralama, Protokol \u00c7ad\u0131r\u0131 Kiralama, Davet \u00c7ad\u0131r\u0131 Kiralama, Etkinlik \u00c7ad\u0131r\u0131 Kiralama, Organizasyon \u00c7ad\u0131r\u0131 Kiralama, \u015eeffaf \u00c7ad\u0131r Kiralama, A\u00e7\u0131l\u0131\u015f \u00c7ad\u0131r\u0131 Kiralama, Ge\u00e7ici S\u00fcreli Depo \u0130\u00e7in \u00c7ad\u0131r Kiralama ve T\u00fcm \u0130htiya\u00e7lar\u0131n\u0131z \u0130\u00e7in \u00e7e\u015fitli \u00f6l\u00e7\u00fclerde \u00e7ad\u0131r kiralama hizmetimiz bulunmaktad\u0131r.<\/p>\n<p>Geni\u015flik 10 Metre, Uzunluk 5 metre mod\u00fcl aral\u0131klar\u0131 ile istedi\u011finiz kadar uzat\u0131labilir. Nakliye ve kurulum dahil anahtar teslim \u00e7ad\u0131r kiralama hizmeti veriyoruz.<\/p>\n<p>Kiral\u0131k \u00e7ad\u0131r hizmeti verdi\u011fimiz \u00e7ad\u0131rlar\u0131n brandalar\u0131 Black-out \u0131\u015f\u0131k ge\u00e7irmez- UV koruyuculu su ge\u00e7irmez brandad\u0131r. \u0130stenilir ise yanlar\u0131 kapal\u0131 (perdeli) veya a\u00e7\u0131k olarak \u00e7ad\u0131r kiralama hizmetimiz mevcuttur.<\/p>\n<p>\u00c7ad\u0131r kuruldu\u011fu alanda zemin d\u00fczenlemesi i\u00e7in podyum-zemin kiralama hizmetimiz mevcuttur. Podyum zemin \u00fczeri hal\u0131 kaplama ile davet ve organizasyonlar\u0131n\u0131z e\u015fsiz bir hale gelecektir. Hemen sizde \u00e7ad\u0131r kiralama, podyum kiralama i\u00e7in hemen bize ula\u015f\u0131n.<\/p>\n<h3>CLK 10 Metre Al\u00fcminyum Kiral\u0131k \u00c7ad\u0131r \u00d6zellikleri<\/h3>\n<h5>Geni\u015flik: 1000 cm<\/h5>\n<h5>Yan Y\u00fcksekli\u011fi: 300 cm<\/h5>\n<h5>Tepe Y\u00fcksekli\u011fi: 500 cm<\/h5>\n<h5>\u00c7at\u0131 E\u011fimi: 180\u00b0<\/h5>\n<h5>Profil Kal\u0131nl\u0131\u011f\u0131: 130 \/ 70 \/ 3 mm<\/h5>\n<h5>R\u00fczgar Y\u00fck\u00fc \/ H\u0131z\u0131: 0.5 kN\/m2 &#8211; 105 km\/h<\/h5>\n<h3>CLK 10 Metre Al\u00fcminyum \u00c7ad\u0131r Kiralama \u0130leti\u015fim Bilgileri:<\/h3>\n<p>Ankara: 0 312 429 02 09<\/p>\n<p>\u0130stanbul: 0 216 599 03 53<\/p>\n<p>\u0130zmir: 0 850 885 13 65<\/p>\n<p>Antalya: 0 850 885 09 05<\/p>\n<p>Bursa: 0 850 885 20 19<\/p>\n<p>Adana: 0 850 885 20 29<\/p>\n<p>\u0130zmit \/ Kocaeli: 0 850 885 19 89<\/p>\n<p>Trakya B\u00f6lgesi: 0 850 885 13 65<\/p>\n<p><strong>T\u00fcrkiye Geneli Sipari\u015f Hatt\u0131: 0 537 494 85 65<\/strong><\/p>\n<p>E-Mail: <a href=\"mailto:info@clkorganizasyon.com\"><strong>info@clkorganizasyon.com<\/strong><\/a><\/p>\n<p><a href=\"http:\/\/www.bahcebalkonmobilyalari.com.tr\/?attachment_id=2616\" rel=\"attachment wp-att-2616\"><img decoding=\"async\" loading=\"lazy\" class=\"aligncenter  wp-image-2616\" src=\"http:\/\/www.bahcebalkonmobilyalari.com.tr\/wp-content\/uploads\/2022\/04\/clk-10-metre-kiralik-cadir-cadir-kiralama-fiyat-organizasyon-davet-dugun-fuar-etkinlik-protool-cadiri-kiralama.png\" alt=\"\" width=\"473\" height=\"358\" \/><\/a><\/p>\n","protected":false},"excerpt":{"rendered":"<p>CLK 10 Metre Al\u00fcminyum Organizasyon Fuar Davet Protokol \u00c7ad\u0131r\u0131 Kiralama T\u00fcrkiye Geneli \u00c7ad\u0131r Kiralama Hizmeti Veren Tek Lider Firmay\u0131z. Hemen size uygun \u00e7ad\u0131r kiralama se\u00e7enekleri hakk\u0131nda detayl\u0131 bilgi almak i\u00e7in ve fiyat teklifi almak i\u00e7in 0 537 494 85 65 numaral\u0131 telefon ile bize ula\u015f\u0131n. CLK \u00c7ad\u0131r Kiralama Se\u00e7enekleri: D\u00fc\u011f\u00fcn \u00c7ad\u0131r\u0131 Kiralama, Protokol \u00c7ad\u0131r\u0131 Kiralama, [&hellip;]<\/p>\n","protected":false},"featured_media":1198,"comment_status":"open","ping_status":"closed","template":"","meta":{"om_disable_all_campaigns":false,"_mi_skip_tracking":false},"product_cat":[842,843,844,845,846,847,848,849,850,851,852,853,854,855,856,857,858,859,860,861,862,863,864,865,866,867,868,869,870,871,872],"product_tag":[873,874,875,876,877,878,879,880,881,882,883,884,885,886,887,888,889,890,891,892,893,894,895,896,897,898,899,900,901,902,903,904,905,906,907,908,909,910,911,912,913,914,915,916,917,918,919,920,921,922,923,924,925,926,927,928,929,930,931,932,933,934,935,936,937,938,939,940,941,942,943,944,945,946,947,948,949,950,951,952,953,954,955,956,957,958,959,960,961,962,963,964,965,966,967,968,969,970],"aioseo_notices":[],"_links":{"self":[{"href":"http:\/\/www.golgelikcadir.com\/index.php?rest_route=\/wp\/v2\/product\/964"}],"collection":[{"href":"http:\/\/www.golgelikcadir.com\/index.php?rest_route=\/wp\/v2\/product"}],"about":[{"href":"http:\/\/www.golgelikcadir.com\/index.php?rest_route=\/wp\/v2\/types\/product"}],"replies":[{"embeddable":true,"href":"http:\/\/www.golgelikcadir.com\/index.php?rest_route=%2Fwp%2Fv2%2Fcomments&post=964"}],"wp:featuredmedia":[{"embeddable":true,"href":"http:\/\/www.golgelikcadir.com\/index.php?rest_route=\/wp\/v2\/media\/1198"}],"wp:attachment":[{"href":"http:\/\/www.golgelikcadir.com\/index.php?rest_route=%2Fwp%2Fv2%2Fmedia&parent=964"}],"wp:term":[{"taxonomy":"product_cat","embeddable":true,"href":"http:\/\/www.golgelikcadir.com\/index.php?rest_route=%2Fwp%2Fv2%2Fproduct_cat&post=964"},{"taxonomy":"product_tag","embeddable":true,"href":"http:\/\/www.golgelikcadir.com\/index.php?rest_route=%2Fwp%2Fv2%2Fproduct_tag&post=964"}],"curies":[{"name":"wp","href":"https:\/\/api.w.org\/{rel}","templated":true}]}}