{"id":915,"date":"2023-03-12T16:56:35","date_gmt":"2023-03-12T16:56:35","guid":{"rendered":"http:\/\/www.golgelikcadir.com\/?post_type=product&#038;p=915"},"modified":"2023-03-12T16:59:11","modified_gmt":"2023-03-12T16:59:11","slug":"clk-manuel-teleskopik-bahce-gunes-havuz-semsiyeleri-imalati-satisi","status":"publish","type":"product","link":"http:\/\/www.golgelikcadir.com\/?product=clk-manuel-teleskopik-bahce-gunes-havuz-semsiyeleri-imalati-satisi","title":{"rendered":"CLK Manuel Teleskopik Bah\u00e7e G\u00fcne\u015f Havuz \u015eemsiyeleri \u0130malat\u0131 Sat\u0131\u015f\u0131"},"content":{"rendered":"<h2 style=\"text-align: center;\">CLK Manuel Teleskopik Bah\u00e7e G\u00fcne\u015f Havuz \u015eemsiyeleri \u0130malat\u0131 Sat\u0131\u015f\u0131<\/h2>\n<div class=\"elementor-element elementor-element-20dfeb6 elementor-widget elementor-widget-heading animated fadeIn\" data-id=\"20dfeb6\" data-element_type=\"widget\" data-settings=\"{&quot;_animation&quot;:&quot;fadeIn&quot;}\" data-widget_type=\"heading.default\">\n<div class=\"elementor-widget-container\">\n<h3 class=\"elementor-heading-title elementor-size-default\">CLK manuel teleskopik g\u00fcne\u015f \u015femsiyeleri logo bask\u0131l\u0131 ve bask\u0131s\u0131z \u015femsiyeler<\/h3>\n<\/div>\n<\/div>\n<div class=\"elementor-element elementor-element-1a0fb37f elementor-widget elementor-widget-text-editor\" data-id=\"1a0fb37f\" data-element_type=\"widget\" data-widget_type=\"text-editor.default\">\n<div class=\"elementor-widget-container\">\n<div class=\"elementor-text-editor elementor-clearfix\">\n<div>\n<p>Kolay push-up manuel teleskopik sistem<\/p>\n<p>Al\u00fcminyum \u00e7er\u00e7eve<\/p>\n<p><strong>Kuma\u015flar, bask\u0131lar ve y\u00fczeyler<\/strong><\/p>\n<ul>\n<li>Polyester kuma\u015f 180-240 gr \/ m\u00b2<\/li>\n<li>D\u00fcz ekran bask\u0131 \/ Dijital \/ Serigraf<\/li>\n<li>Y\u00fcksek UV hasl\u0131\u011f\u0131<\/li>\n<li>Su ge\u00e7irmez<\/li>\n<\/ul>\n<p><strong>Y\u00fcksek UV hasl\u0131\u011f\u0131 | Su itici | Su ge\u00e7irmez.<\/strong><\/p>\n<p><strong>CLK \u015eemsiye Boru Renk Se\u00e7enekleri : <\/strong>Beyaz (RAL 9016) Al\u00fcminyum\u00a0 |\u00a0\u00a0Siyah (RAL 9005) Al\u00fcminyum\u00a0 |\u00a0 Ah\u015fap G\u00f6r\u00fcn\u00fcm Al\u00fcminyum\u00a0 |\u00a0 G\u00fcm\u00fc\u015f Eloksall\u0131 Al\u00fcminyum<\/p>\n<table class=\"table table-sm table-striped text-center table-hover table-responsive table-primary table-bordered\">\n<thead>\n<tr>\n<th><strong>Tasar\u0131m<\/strong><\/th>\n<th><strong>\u00d6l\u00e7\u00fc (cm)<\/strong><\/th>\n<th><strong>Profil (mm)<\/strong><\/th>\n<th><strong>Boru (mm)<\/strong><\/th>\n<th><strong>Koli i\u00e7i<\/strong><\/th>\n<th>Koli \u00d6l\u00e7\u00fcs\u00fc (cm)<\/th>\n<th><strong>A\u011f\u0131rl\u0131k (kg)<\/strong><\/th>\n<\/tr>\n<tr>\n<td>Yuvarlak<\/td>\n<td>250 \/ 8<\/td>\n<td colspan=\"1\">19 x 29<\/td>\n<td colspan=\"1\">47\/50<\/td>\n<td colspan=\"1\" rowspan=\"6\">1 Adet<\/td>\n<td>24 x 255 x 24<\/td>\n<td>14<\/td>\n<\/tr>\n<tr>\n<td>Yuvarlak<\/td>\n<td>300 \/ 8<\/td>\n<td colspan=\"1\">19 x 30<\/td>\n<td colspan=\"1\">46\/50<\/td>\n<td>24 x 270 x 24<\/td>\n<td>13<\/td>\n<\/tr>\n<tr>\n<td>Kare<\/td>\n<td>200 x 200 \/ 4<\/td>\n<td colspan=\"1\">19 x 29<\/td>\n<td colspan=\"1\">47\/50<\/td>\n<td>22 x 255 x 22<\/td>\n<td>10<\/td>\n<\/tr>\n<tr>\n<td>Kare<\/td>\n<td>200 x 200 \/ 8<\/td>\n<td colspan=\"1\">19 x 29<\/td>\n<td colspan=\"1\">47\/50<\/td>\n<td>24 x 255 x 24<\/td>\n<td>11<\/td>\n<\/tr>\n<tr>\n<td>Kare<\/td>\n<td>250 x 250 \/ 8<\/td>\n<td colspan=\"1\">19 x 29<\/td>\n<td colspan=\"1\">47\/50<\/td>\n<td>24 x 270 x 24<\/td>\n<td>14<\/td>\n<\/tr>\n<tr>\n<td>Kare<\/td>\n<td>300 x 300 \/ 8<\/td>\n<td colspan=\"1\">19 x 30<\/td>\n<td colspan=\"1\">46\/50<\/td>\n<td>24 x 290 x 24<\/td>\n<td>16<\/td>\n<\/tr>\n<\/thead>\n<\/table>\n<\/div>\n<div class=\"pt-wrapper\">\n<div class=\"tt-heading-inner\"><\/div>\n<\/div>\n<\/div>\n<\/div>\n<\/div>\n<div class=\"elementor-element elementor-element-42d11fe6 elementor-widget elementor-widget-heading animated fadeIn\" data-id=\"42d11fe6\" data-element_type=\"widget\" data-settings=\"{&quot;_animation&quot;:&quot;fadeIn&quot;}\" data-widget_type=\"heading.default\">\n<div class=\"elementor-widget-container\">\n<h3 class=\"elementor-heading-title elementor-size-default\">Neden CLK marka \u015femsiyeleri \u00f6neriyoruz&#8230;<\/h3>\n<\/div>\n<\/div>\n<div class=\"elementor-element elementor-element-314279f elementor-widget elementor-widget-text-editor\" data-id=\"314279f\" data-element_type=\"widget\" data-widget_type=\"text-editor.default\">\n<div class=\"elementor-widget-container\">\n<div class=\"elementor-text-editor elementor-clearfix\">\n<ul>\n<li>Etkinlik ve promosyon ama\u00e7l\u0131 kullan\u0131ma uygun<\/li>\n<li>Tam renkli y\u00fcksek kaliteli bask\u0131<\/li>\n<li>Farkl\u0131 boy ve tarzdaki \u015femsiyeler (kare dahil)<\/li>\n<li>Katlanabilir ve kolay saklama i\u00e7in b\u00f6l\u00fcmler halinde verilir<\/li>\n<li>Montaj i\u00e7in alet gerekmez<\/li>\n<li>Tasar\u0131m hizmeti mevcuttur.<\/li>\n<\/ul>\n<div>\n<h3>CLK Manuel Teleskopik G\u00fcne\u015f \u015eemsiyesi \u0130malat\u0131 ve Sat\u0131\u015f\u0131 \u0130leti\u015fim Bilgileri:<\/h3>\n<p>Ankara: 0 312 429 02 09<\/p>\n<p>\u0130stanbul: 0 216 599 03 53<\/p>\n<p>\u0130zmir: 0 850 885 13 65<\/p>\n<p>Antalya: 0 850 885 09 05<\/p>\n<p>Bursa: 0 850 885 20 19<\/p>\n<p>Adana: 0 850 885 20 29<\/p>\n<p>T\u00fcrkiye Geneli Sipari\u015f Hatt\u0131: 0 535 661 97 22<\/p>\n<p>E-Mail: <a href=\"mailto:info@clksemsiye.com.tr\">info@clksemsiye.com.tr<\/a><\/p>\n<div><\/div>\n<\/div>\n<p>&nbsp;<\/p>\n<p><a href=\"http:\/\/www.bahcebalkonmobilyalari.com.tr\/?attachment_id=2567\" rel=\"attachment wp-att-2567\"><img decoding=\"async\" loading=\"lazy\" class=\"aligncenter size-full wp-image-2567\" src=\"http:\/\/www.bahcebalkonmobilyalari.com.tr\/wp-content\/uploads\/2022\/04\/clk-manuel-teleskopik-semsiye-havuz-bahce-teras-gunes-semsiyeleri-baskili-baskisiz-imalat-fiyat-satis.png\" alt=\"\" width=\"450\" height=\"524\" \/><\/a><\/p>\n<div class=\"pt-wrapper\"><\/div>\n<\/div>\n<\/div>\n<\/div>\n","protected":false},"excerpt":{"rendered":"<p>CLK Manuel Teleskopik Bah\u00e7e G\u00fcne\u015f Havuz \u015eemsiyeleri \u0130malat\u0131 Sat\u0131\u015f\u0131 CLK manuel teleskopik g\u00fcne\u015f \u015femsiyeleri logo bask\u0131l\u0131 ve bask\u0131s\u0131z \u015femsiyeler Kolay push-up manuel teleskopik sistem Al\u00fcminyum \u00e7er\u00e7eve Kuma\u015flar, bask\u0131lar ve y\u00fczeyler Polyester kuma\u015f 180-240 gr \/ m\u00b2 D\u00fcz ekran bask\u0131 \/ Dijital \/ Serigraf Y\u00fcksek UV hasl\u0131\u011f\u0131 Su ge\u00e7irmez Y\u00fcksek UV hasl\u0131\u011f\u0131 | Su itici | [&hellip;]<\/p>\n","protected":false},"featured_media":1184,"comment_status":"open","ping_status":"closed","template":"","meta":{"om_disable_all_campaigns":false,"_mi_skip_tracking":false},"product_cat":[773,708,796,774,778,678,680,681,684,710,711,686,766,803,804,755,767,756,805,687,688,689,507,732,690,692,693,733],"product_tag":[694,792,696,748,697,749,806,807,637,698,699,451,727,535,452,700,785,703,808,704],"aioseo_notices":[],"_links":{"self":[{"href":"http:\/\/www.golgelikcadir.com\/index.php?rest_route=\/wp\/v2\/product\/915"}],"collection":[{"href":"http:\/\/www.golgelikcadir.com\/index.php?rest_route=\/wp\/v2\/product"}],"about":[{"href":"http:\/\/www.golgelikcadir.com\/index.php?rest_route=\/wp\/v2\/types\/product"}],"replies":[{"embeddable":true,"href":"http:\/\/www.golgelikcadir.com\/index.php?rest_route=%2Fwp%2Fv2%2Fcomments&post=915"}],"wp:featuredmedia":[{"embeddable":true,"href":"http:\/\/www.golgelikcadir.com\/index.php?rest_route=\/wp\/v2\/media\/1184"}],"wp:attachment":[{"href":"http:\/\/www.golgelikcadir.com\/index.php?rest_route=%2Fwp%2Fv2%2Fmedia&parent=915"}],"wp:term":[{"taxonomy":"product_cat","embeddable":true,"href":"http:\/\/www.golgelikcadir.com\/index.php?rest_route=%2Fwp%2Fv2%2Fproduct_cat&post=915"},{"taxonomy":"product_tag","embeddable":true,"href":"http:\/\/www.golgelikcadir.com\/index.php?rest_route=%2Fwp%2Fv2%2Fproduct_tag&post=915"}],"curies":[{"name":"wp","href":"https:\/\/api.w.org\/{rel}","templated":true}]}}