{"id":834,"date":"2023-03-12T16:55:32","date_gmt":"2023-03-12T16:55:32","guid":{"rendered":"http:\/\/www.golgelikcadir.com\/?post_type=product&#038;p=834"},"modified":"2023-03-12T16:57:58","modified_gmt":"2023-03-12T16:57:58","slug":"clk-210-x-210-mega-mini-pro-semsiye-bahce-cafe-otel-plaj-havuz-semsiyeleri","status":"publish","type":"product","link":"http:\/\/www.golgelikcadir.com\/?product=clk-210-x-210-mega-mini-pro-semsiye-bahce-cafe-otel-plaj-havuz-semsiyeleri","title":{"rendered":"CLK 210 x 210 Mega Mini Pro \u015eemsiye Bah\u00e7e Cafe Otel Plaj Havuz \u015eemsiyeleri"},"content":{"rendered":"<h2 style=\"text-align: center;\">CLK 210 x 210 Mega Mini Pro \u015eemsiye<\/h2>\n<h3 style=\"text-align: center;\">CLK Bah\u00e7e Cafe Otel Plaj Havuz \u015eemsiyeleri<\/h3>\n<div>CLK 210&#215;210 Mega Mini Pro \u015eemsiye<\/div>\n<div>Bah\u00e7e Cafe ve Otel ve Plaj \u015eemsiyeleri<\/div>\n<div>\n<div class=\"woocommerce-product-details__short-description\">\n<div class=\"woocommerce-product-details__short-description\">\n<p>CLK 210&#215;210 Mega Mini Pro \u015eemsiye, pratik push-up \u00f6zelli\u011fi ile g\u00fcne\u015ften ve olas\u0131 ya\u011fmurlardan koruma sa\u011flayarak keyifli anlar\u0131n\u0131za e\u015flik eder. Havuzba\u015f\u0131 ve \u015fezlong \u00fczeri kullan\u0131m i\u00e7in tasarlanan model, kendi segmentindeki di\u011fer modellere g\u00f6re 20 cm daha k\u0131sad\u0131r.<\/p>\n<h3>CLK 210X210 Mega Mini Pro \u015eemsiye \u0130leti\u015fim Bilgileri<\/h3>\n<p>Ankara: 0 312 429 02 09<\/p>\n<p>\u0130stanbul: 0 216 599 03 53<\/p>\n<p>\u0130zmir: 0 850 885 13 65<\/p>\n<p>Antalya: 0 850 885 09 05<\/p>\n<p>Bursa: 0 850 885 20 19<\/p>\n<p>Adana: 0 850 885 20 29<\/p>\n<p>T\u00fcrkiye Geneli Sipari\u015f Hatt\u0131: 0 535 661 97 22<\/p>\n<p>E-Mail:<a href=\"mailto:info@clksemsiye.com.tr\"> info@clksemsiye.com.tr<\/a><\/p>\n<figure id=\"attachment_2311\" aria-describedby=\"caption-attachment-2311\" style=\"width: 439px\" class=\"wp-caption aligncenter\"><a href=\"http:\/\/www.bahcebalkonmobilyalari.com.tr\/?attachment_id=2311\" rel=\"attachment wp-att-2311\"><img decoding=\"async\" loading=\"lazy\" class=\" wp-image-2311\" src=\"http:\/\/www.bahcebalkonmobilyalari.com.tr\/wp-content\/uploads\/2022\/04\/clk-mega-mini-pro-bahce-otel-cafe-plaj-havuz-semsiyesi-gri.png\" alt=\"clk 210x210 mega teleskopik mini havuz otel \u015femsiyeleri\" width=\"439\" height=\"382\" \/><\/a><figcaption id=\"caption-attachment-2311\" class=\"wp-caption-text\">clk 210&#215;210 mega teleskopik mini havuz otel \u015femsiyeleri<\/figcaption><\/figure>\n<\/div>\n<\/div>\n<\/div>\n","protected":false},"excerpt":{"rendered":"<p>CLK 210 x 210 Mega Mini Pro \u015eemsiye CLK Bah\u00e7e Cafe Otel Plaj Havuz \u015eemsiyeleri CLK 210&#215;210 Mega Mini Pro \u015eemsiye Bah\u00e7e Cafe ve Otel ve Plaj \u015eemsiyeleri CLK 210&#215;210 Mega Mini Pro \u015eemsiye, pratik push-up \u00f6zelli\u011fi ile g\u00fcne\u015ften ve olas\u0131 ya\u011fmurlardan koruma sa\u011flayarak keyifli anlar\u0131n\u0131za e\u015flik eder. Havuzba\u015f\u0131 ve \u015fezlong \u00fczeri kullan\u0131m i\u00e7in tasarlanan [&hellip;]<\/p>\n","protected":false},"featured_media":1028,"comment_status":"open","ping_status":"closed","template":"","meta":{"om_disable_all_campaigns":false,"_mi_skip_tracking":false},"product_cat":[669,559,532,628,630,645,564,546,468,438,634,507,670,441,442,469],"product_tag":[671,672,673,674,636,675,676,552],"aioseo_notices":[],"_links":{"self":[{"href":"http:\/\/www.golgelikcadir.com\/index.php?rest_route=\/wp\/v2\/product\/834"}],"collection":[{"href":"http:\/\/www.golgelikcadir.com\/index.php?rest_route=\/wp\/v2\/product"}],"about":[{"href":"http:\/\/www.golgelikcadir.com\/index.php?rest_route=\/wp\/v2\/types\/product"}],"replies":[{"embeddable":true,"href":"http:\/\/www.golgelikcadir.com\/index.php?rest_route=%2Fwp%2Fv2%2Fcomments&post=834"}],"wp:featuredmedia":[{"embeddable":true,"href":"http:\/\/www.golgelikcadir.com\/index.php?rest_route=\/wp\/v2\/media\/1028"}],"wp:attachment":[{"href":"http:\/\/www.golgelikcadir.com\/index.php?rest_route=%2Fwp%2Fv2%2Fmedia&parent=834"}],"wp:term":[{"taxonomy":"product_cat","embeddable":true,"href":"http:\/\/www.golgelikcadir.com\/index.php?rest_route=%2Fwp%2Fv2%2Fproduct_cat&post=834"},{"taxonomy":"product_tag","embeddable":true,"href":"http:\/\/www.golgelikcadir.com\/index.php?rest_route=%2Fwp%2Fv2%2Fproduct_tag&post=834"}],"curies":[{"name":"wp","href":"https:\/\/api.w.org\/{rel}","templated":true}]}}