{"id":2462,"date":"2023-03-12T17:09:15","date_gmt":"2023-03-12T17:09:15","guid":{"rendered":"http:\/\/www.golgelikcadir.com\/?post_type=product&#038;p=2462"},"modified":"2023-03-12T17:13:24","modified_gmt":"2023-03-12T17:13:24","slug":"clk-5x5-gazebo-cadir-52mm-kalin-aluminyum-katlanabilir-tente-3-kenar-kapali-perdeli-gazebo-tente-cadirlari","status":"publish","type":"product","link":"http:\/\/www.golgelikcadir.com\/?product=clk-5x5-gazebo-cadir-52mm-kalin-aluminyum-katlanabilir-tente-3-kenar-kapali-perdeli-gazebo-tente-cadirlari","title":{"rendered":"CLK 5&#215;5 Gazebo \u00c7ad\u0131r 52mm Kal\u0131n Al\u00fcminyum Katlanabilir Tente 3 Kenar Kapal\u0131 Perdeli Gazebo Tente \u00c7ad\u0131rlar\u0131"},"content":{"rendered":"<h2 style=\"text-align: center;\">CLK 5&#215;5 Gazebo \u00c7ad\u0131r 52mm Kal\u0131n Al\u00fcminyum Katlanabilir Tente 3 Kenar Kapal\u0131 Perdeli Gazebo Tente \u00c7ad\u0131rlar\u0131<\/h2>\n<p style=\"text-align: center;\"><strong>T\u00fcrkiye&#8217;de Tek \u0130malat\u00e7\u0131 Firma CLK Ticaret Garantisi<\/strong><\/p>\n<h3 style=\"text-align: center;\"><strong>\u0130LET\u0130\u015e\u0130M: 0 533 925 36 78\u00a0<\/strong><\/h3>\n<p><a href=\"http:\/\/www.gazebocadir.com.tr\/wp-content\/uploads\/2023\/02\/clk-5x5-portatif-tente-52-mm-kalin-aluminyum-gazebo-portatif-cadirlari-saks-mavi-3-yanikapali-ucuz-fiyat-gazebo-tente-cadir.jpg\"><img decoding=\"async\" loading=\"lazy\" class=\"aligncenter wp-image-3719 size-medium\" src=\"http:\/\/www.gazebocadir.com.tr\/wp-content\/uploads\/2023\/02\/clk-5x5-portatif-tente-52-mm-kalin-aluminyum-gazebo-portatif-cadirlari-saks-mavi-3-yanikapali-ucuz-fiyat-gazebo-tente-cadir-300x200.jpg\" alt=\"\" width=\"300\" height=\"200\" \/><\/a><\/p>\n<p>5&#215;5 mt 52 mm AL\u00dcM\u0130NYUM PROF\u0130L 3 TARAFI KAPALI GAZEBO KATLANIR \u00c7ADIR<\/p>\n<p>\u00c7ad\u0131r Ta\u015f\u0131ma \u00c7antas\u0131 ve Yere Sabitleme Aparatlar\u0131 Hediyeli<\/p>\n<p>Paket \u0130\u00e7eri\u011fi: 1 Adet 5&#215;5 mt 52 mm Sekizgen Al\u00fcminyum \u0130skelet + Oxford Tavan Kuma\u015f\u0131 + 3 Adet 5 mt Yan Duvar + Ta\u015f\u0131ma \u00c7antas\u0131 + Yere Sabitleme Aparatlar\u0131<\/p>\n<div>\u0130malat\u00e7\u0131 firma\u00a0CLK T\u0130CARET\u00a0g\u00fcvencesi ile %100 su ge\u00e7irmez, solmaz, \u00e7atlamaz, y\u0131pranmaz Sunfabric kuma\u015f ile \u00fcretilmi\u015f, branda ve 52 mm sekizgen al\u00fcminyum iskelet ve mafsal par\u00e7alar\u0131 2 y\u0131l garantili katlanabilir gazebo \u00e7ad\u0131rlar\u0131.<\/div>\n<div><a href=\"http:\/\/www.gazebocadir.com.tr\/wp-content\/uploads\/2023\/02\/clk-52-mm-kalin-aluminyum-profil-gazebo-katlanir-cadir-3.png\"><img decoding=\"async\" loading=\"lazy\" class=\"aligncenter size-full wp-image-3590\" src=\"http:\/\/www.gazebocadir.com.tr\/wp-content\/uploads\/2023\/02\/clk-52-mm-kalin-aluminyum-profil-gazebo-katlanir-cadir-3.png\" alt=\"\" width=\"632\" height=\"257\" \/><\/a><\/div>\n<div><\/div>\n<div>18 Farkl\u0131 Kuma\u015f Renk Se\u00e7imi<\/div>\n<div><\/div>\n<div><strong>Teknik \u00d6zellikler<\/strong><\/div>\n<div><\/div>\n<div>\u0130\u00e7 Profil (Bacaklar) : 45x45x1.5 mm sekizgen al\u00fcminyum<\/div>\n<div>\u00c7apraz Makas Borular: 35x18x1.5 mm al\u00fcminyum<\/div>\n<div>Profil : Eloksal Kaplamal\u0131 Al\u00fcminyum<\/div>\n<div>Kapal\u0131 Boyutu: 30x30x160 cm<\/div>\n<div>A\u00e7\u0131k Boyutu: 500&#215;500 (h) 210-240 cm (4 Kademe Y\u00fckseklik Ayar\u0131)<\/div>\n<div>Kaplad\u0131\u011f\u0131 Alan : 25 m2<\/div>\n<div>Branda Dahil : 60 kg<\/div>\n<div>En Y\u00fcksek Nokta Kubbe Y\u00fcksekli\u011fi: 320 cm<\/div>\n<div>Ba\u011flant\u0131 Par\u00e7alar\u0131 N6 Cam Elyaf Kar\u0131\u015f\u0131ml\u0131 Plastik (garantili)<\/div>\n<div>Teknik Servis ve Yedek Par\u00e7a \u0130mkan\u0131<\/div>\n<div><\/div>\n<div>\n<h3>\u0130leti\u015fim:<\/h3>\n<div><strong>Ankara<\/strong>: 0 312 429 02 09<\/div>\n<div><strong>\u0130stanbul Anadolu Yakas\u0131<\/strong>: 0 216 599 03 53<\/div>\n<div><strong>\u0130stanbul Avrupa Yakas\u0131<\/strong>: 0 850 885 13 65<\/div>\n<div><strong>\u0130zmir<\/strong>: 0 850 885 20 19<\/div>\n<div><strong>Bursa<\/strong>: 0 850 885 20 29<\/div>\n<div><strong>Antalya<\/strong>: 0 850 885 19 89<\/div>\n<div><strong>\u0130zmit<\/strong>&#8211;<strong>Kocaeli<\/strong>: 0 850 885 09 05<\/div>\n<div><strong>T\u00fcrkiye<\/strong> <strong>Geneli<\/strong> <strong>Sat\u0131\u015f Hatt\u0131<\/strong>: 0 533 925 36 78 (Whatsapp)<\/div>\n<div><strong>E<\/strong>&#8211;<strong>Mail<\/strong>: <a href=\"mailto:info@gazebocadir.com.tr\"><strong>info@gazebocadir.com.tr<\/strong><\/a><\/div>\n<\/div>\n","protected":false},"excerpt":{"rendered":"<h2 style=\"text-align: center;\">CLK 5&#215;5 Gazebo \u00c7ad\u0131r 52mm Kal\u0131n Al\u00fcminyum Katlanabilir Tente 3 Kenar Kapal\u0131 Perdeli Gazebo Tente \u00c7ad\u0131rlar\u0131<\/h2>\n<p style=\"text-align: center;\"><strong>T\u00fcrkiye&#8217;de Tek \u0130malat\u00e7\u0131 Firma CLK Ticaret Garantisi<\/strong><\/p>\n<h3 style=\"text-align: center;\"><strong>\u0130LET\u0130\u015e\u0130M: 0 533 925 36 78\u00a0<\/strong><\/h3>\n<p><a href=\"http:\/\/www.gazebocadir.com.tr\/wp-content\/uploads\/2023\/02\/clk-5x5-portatif-tente-52-mm-kalin-aluminyum-gazebo-portatif-cadirlari-saks-mavi-3-yanikapali-ucuz-fiyat-gazebo-tente-cadir.jpg\"><img decoding=\"async\" loading=\"lazy\" class=\"aligncenter wp-image-3719 size-medium\" src=\"http:\/\/www.gazebocadir.com.tr\/wp-content\/uploads\/2023\/02\/clk-5x5-portatif-tente-52-mm-kalin-aluminyum-gazebo-portatif-cadirlari-saks-mavi-3-yanikapali-ucuz-fiyat-gazebo-tente-cadir-300x200.jpg\" alt=\"\" width=\"300\" height=\"200\" \/><\/a><\/p>\n<p>5&#215;5 mt 52 mm AL\u00dcM\u0130NYUM PROF\u0130L 3 TARAFI KAPALI GAZEBO KATLANIR \u00c7ADIR<\/p>\n","protected":false},"featured_media":3004,"comment_status":"closed","ping_status":"closed","template":"","meta":{"om_disable_all_campaigns":false,"_mi_skip_tracking":false},"product_cat":[1622,1623,1624,1625,1655,1626,1627,153,154,1628,1656,1657],"product_tag":[1645,1634,155,1635,1636,1637,157,158,160,1638,1639,1658,1216,1659,48,50,1231,1660,1661,150,1232,1616,1662,1084,1139,1663,57],"aioseo_notices":[],"_links":{"self":[{"href":"http:\/\/www.golgelikcadir.com\/index.php?rest_route=\/wp\/v2\/product\/2462"}],"collection":[{"href":"http:\/\/www.golgelikcadir.com\/index.php?rest_route=\/wp\/v2\/product"}],"about":[{"href":"http:\/\/www.golgelikcadir.com\/index.php?rest_route=\/wp\/v2\/types\/product"}],"replies":[{"embeddable":true,"href":"http:\/\/www.golgelikcadir.com\/index.php?rest_route=%2Fwp%2Fv2%2Fcomments&post=2462"}],"wp:featuredmedia":[{"embeddable":true,"href":"http:\/\/www.golgelikcadir.com\/index.php?rest_route=\/wp\/v2\/media\/3004"}],"wp:attachment":[{"href":"http:\/\/www.golgelikcadir.com\/index.php?rest_route=%2Fwp%2Fv2%2Fmedia&parent=2462"}],"wp:term":[{"taxonomy":"product_cat","embeddable":true,"href":"http:\/\/www.golgelikcadir.com\/index.php?rest_route=%2Fwp%2Fv2%2Fproduct_cat&post=2462"},{"taxonomy":"product_tag","embeddable":true,"href":"http:\/\/www.golgelikcadir.com\/index.php?rest_route=%2Fwp%2Fv2%2Fproduct_tag&post=2462"}],"curies":[{"name":"wp","href":"https:\/\/api.w.org\/{rel}","templated":true}]}}